be 5*(-10)/(-75)*126. Let r = x - -12. Calculate the highest common divisor of r and 64.
32
Let u = 2369 + -1313. What is the highest common factor of u and 66?
66
Suppose -7*p + 2*p = -3*l + 240, 4*p = 2*l - 162. Suppose 3*c = -0*c + l. Calculate the greatest common factor of 125 and c.
25
Suppose -4*i = 3*g - 5*i - 89, 2*g = i + 59. What is the highest common divisor of g and 70?
10
Let r = 917 - 881. Calculate the greatest common divisor of 492 and r.
12
Let x(d) = 21*d**2 + 2*d + 8. Let m be x(-2). Calculate the greatest common factor of m and 24.
8
Suppose -3*m + 7*m = 256. Suppose -g + 3*i - 5*i = -m, -302 = -5*g - i. Calculate the greatest common factor of g and 75.
15
Let y = -19 + -125. Let k = -99 - y. What is the greatest common factor of 30 and k?
15
Suppose -5*c = -5*w - 30, -4*w + 1 - 5 = 0. Suppose -3*u = -c*u + 18. Let h = 3416 + -3344. What is the highest common divisor of h and u?
9
Let o(h) = 35*h - 113. Let g be o(7). What is the greatest common divisor of g and 33?
33
Suppose 569 - 132 = 23*q. Calculate the highest common factor of q and 247.
19
Let y = 24 + -95. Let n = y + 111. What is the highest common factor of n and 10?
10
Suppose -y + 527 = -2*m, 0*m = m - 5*y + 259. Let i be m/12*(-5)/2. Suppose 6*f = f + i. Calculate the greatest common divisor of 11 and f.
11
Suppose -5*k + 101 = 2*n, -10*k + 7*k - 3*n = -66. What is the greatest common divisor of k and 304?
19
Let v be -63*(-23 - -18 - 22/(-6)). Suppose -2*a = 2*m - 4*a - 114, -2*a = 2. Calculate the highest common divisor of v and m.
28
Let i be 19 - -6*(-1)/3. What is the highest common factor of i and 1?
1
Let x be 2*5/2 + -2. Suppose -q - 112 = -h - x*q, -3*h + 3*q + 318 = 0. Let j = 68 + -41. What is the greatest common factor of j and h?
27
Let w be 3/15 + 4556/20. What is the greatest common divisor of 60 and w?
12
Suppose -42*v = -3860 - 7312. Calculate the highest common divisor of 76 and v.
38
Let m(w) = 2*w**2 - 5*w - 12. Let l be m(8). Let u = -37 + l. Calculate the highest common divisor of u and 52.
13
Suppose x - 3*u + 11 = 0, 3*x + 4 = 3*u + 1. Suppose -4*p + x*f + 0*f = -300, f - 375 = -5*p. Calculate the highest common factor of 30 and p.
15
Suppose 15*w + 578 = 8453. Calculate the greatest common factor of w and 21.
21
Let u(g) = -21*g - 142. Let h be u(-22). What is the greatest common divisor of 10 and h?
10
Suppose -3*z - 39 = -0*z + 3*h, 5*z - h + 53 = 0. Let w be 2 + (2 + z)*(-5 + 4). Calculate the greatest common divisor of 33 and w.
11
Let x be 6/36*-28*-36. Suppose -5*k = -3*z - x, 0 = -4*k + z - 3*z + 152. What is the highest common factor of k and 324?
36
Let u = -81 + 83. Suppose -7*b - u*b = -2574. What is the highest common divisor of 26 and b?
26
Let x(q) = q**3 + 10*q**2 + 7*q - 50. Let r be x(-7). Suppose 45 = 5*g - 3*c, -5*c - 40 = -5*g - 3*c. What is the greatest common divisor of r and g?
6
Let z(r) = r**3 - 10*r**2 - 2*r + 22. Let n be z(10). Suppose n*q - 11*q = -99. What is the highest common divisor of 11 and q?
11
Suppose -2*j + 0*j + 244 = 2*m, -j = 4*m - 500. Let i = 80 - 62. Calculate the greatest common factor of i and m.
18
Let g(n) = -n**3 + 7*n**2 - n - 3. Let y be g(3). Suppose 0*l = -3*l + y. Let z be (-483)/(-12) - 2/8. Calculate the highest common divisor of z and l.
10
Suppose 43057 = 46*c + 7039. Calculate the highest common divisor of c and 135.
27
Suppose 4*q - 11 = 9, 5*c + 230 = q. Let v = -75 - c. Let d = v - -50. What is the greatest common divisor of 80 and d?
20
Suppose -5*m + 3*m = -b + 34, 2*m = 3*b - 94. Let l be 15/b - (-23)/2. What is the greatest common divisor of l and 48?
12
Let i = -755 + 768. Calculate the highest common divisor of 143 and i.
13
Suppose -4*s - 3 - 7 = -3*r, 5 = 5*r + 5*s. Let m be r/(-10)*-2*30. Let o be -1 - -2 - (-11 - 0). Calculate the greatest common factor of o and m.
12
Suppose -211*o = -198*o - 585. What is the greatest common factor of 441 and o?
9
Let v = 60 + 12. Let n = v + -45. Let s be (8/3)/(3/n). What is the highest common factor of s and 8?
8
Suppose -1542 = 45*c - 8562. Calculate the highest common divisor of c and 3.
3
Suppose 7*u - 12 = 4*u. Suppose 49 = p - u*a, 11 = -4*a - 5. Calculate the greatest common factor of 99 and p.
33
Let j(z) = -4*z**2 + 3*z + 240. Let r be j(0). Calculate the highest common divisor of r and 96.
48
Suppose 5*s - 3*k - 9 - 1 = 0, -s + 2 = -4*k. Calculate the highest common divisor of 6 and s.
2
Let i(v) = 2*v + 69. Let o be i(-14). What is the highest common divisor of 123 and o?
41
Let t(x) = 69*x - 50. Let s be t(1). Let w be -2*1*(-2)/4. Let v be (1 - 1 - w)*-152. What is the greatest common divisor of s and v?
19
Suppose -4*d - f - 79 = -8*d, 5*f - 25 = -d. Calculate the highest common divisor of d and 350.
10
Let c be -28*((-1365)/(-12))/5. Let g be (-15)/(-25) - c/5. Suppose 0 = 2*b - a - 50, -4*b = b - a - g. Calculate the greatest common divisor of b and 39.
13
Let o = 385 + -359. Suppose -2*v - 73 = -203. What is the greatest common divisor of v and o?
13
Let h be 105/(-2)*(-1 - 1). Let s be 9*(78/9 - 7). Calculate the highest common factor of h and s.
15
Suppose -263*c + 258*c = -90. What is the highest common divisor of 99 and c?
9
Let v = 1483 + -1473. Calculate the greatest common factor of 80 and v.
10
Let v = 227 + -206. What is the highest common divisor of v and 49?
7
Suppose 24 = 5*g - 4*g. Calculate the highest common factor of g and 8.
8
Let a(j) = 9*j**2 - 6*j + 1. Let y(n) = n**3 - 14*n**2 + 13*n - 3. Let w be y(13). Let g be a(w). What is the greatest common divisor of 40 and g?
20
Let s = -30 - -53. Let f(g) = g**2 - 21*g - 43. Let w be f(s). Calculate the greatest common divisor of w and 39.
3
Let h be (-6)/9 - 77/(-21). Let f(x) = 3*x**3 - x**2 + 4*x. Let d be f(h). Calculate the greatest common divisor of 63 and d.
21
Suppose -2*c = 7 - 17. Suppose -218 + 58 = -4*b - i, 2*i = c*b - 200. Suppose -3*n + 227 + 73 = 0. What is the highest common factor of n and b?
20
Let d be (-1 - 249)*(152/(-16) + 9). Calculate the highest common divisor of d and 5.
5
Let u be (-4162)/(-13) + (-4)/26. Let q be 7/((-28)/u) - 4. Let y = q + 148. Calculate the highest common factor of 8 and y.
8
Let h(z) = z**3 - 19*z**2 + 15*z - 4. Let l be h(18). Let m = 115 + -19. Let y = m + l. Calculate the greatest common factor of y and 57.
19
Let v be 1 + 0 + 1 + 16. Suppose -41 = -u + 5*p, 0*u = -u - 3*p + 33. Calculate the greatest common divisor of v and u.
18
Suppose -112 = -525*s + 518*s. What is the greatest common divisor of 688 and s?
16
Suppose -380 = -34*f - 4*f. What is the highest common factor of 10 and f?
10
Suppose -61*u - 3*u + 18240 = 0. Calculate the greatest common divisor of u and 75.
15
Let m = -2306 + 3326. Calculate the greatest common divisor of 60 and m.
60
Suppose 0 = -0*r + 5*r + 60. Let v(n) = -6*n + 8. Let z be v(r). Let a be (20/(-2))/((-10)/z). Calculate the highest common factor of a and 32.
16
Suppose -2*o - 4*z = -46, -115 = -2*o - 3*o - 2*z. Let c = 68 + 47. Calculate the highest common factor of c and o.
23
Let i(z) = -2*z + 4. Suppose -16*g = -14*g + 8. Let l be i(g). Let x = l - -33. What is the greatest common factor of x and 9?
9
Let t be 590*21/12*20/25. Calculate the highest common factor of t and 236.
118
Let x(y) = 3*y - 24. Let d = 33 - 19. Let w be x(d). What is the highest common factor of w and 162?
18
Let w = 2999 - 2007. What is the greatest common divisor of w and 62?
62
Let c(z) = -z**3 - 2*z**2 - 16*z + 21. Let b be c(-5). Calculate the highest common factor of b and 132.
44
Let l = 11 + 45. Suppose -r + 2*z = -4*r + l, -4*z - 32 = -2*r. Let m be -2 - (-11 - 0/(-1)). Calculate the highest common divisor of r and m.
9
Suppose 4*c + q - 70 = 0, -c + 4*q = 5*q - 19. Suppose 0 = -c*m + 22*m - 525. What is the highest common factor of m and 15?
15
Let m = -28 + 30. Suppose m*s - 8 = -2*s. Suppose -q + 5 - s = 0. What is the highest common divisor of 12 and q?
3
Suppose t = -t + 5*l - 1209, 3*t = 3*l - 1827. Let c be (-4)/26 - t/(-78). Let d be -96*-1*(-6)/c. What is the greatest common divisor of d and 24?
24
Let f(s) = -s**3 + 19*s**2 + 21*s + 50. Let i be f(18). Calculate the greatest common divisor of 47 and i.
47
Suppose 33*w + 642 = 2391. Calculate the highest common facto